{"id":31,"date":"2023-09-01T10:46:27","date_gmt":"2023-09-01T08:46:27","guid":{"rendered":"http:\/\/le-semeur.com\/index.php\/home\/"},"modified":"2023-09-01T10:46:27","modified_gmt":"2023-09-01T08:46:27","slug":"home","status":"publish","type":"page","link":"https:\/\/le-semeur.com\/","title":{"rendered":"Home"},"content":{"rendered":"<section class=\"hts-section hts-hero\">\n    <div class=\"hts-hero-spacer\"><\/div>\n    <div class=\"hts-hero-content\">\n        <div class=\"hts-hero-image\">\n            <img decoding=\"async\" src=\"https:\/\/images.unsplash.com\/photo-1534239100122-c3703b109359?crop=entropy\" alt=\"background\" \/>\n        <\/div>\n        <div class=\"hts-hero-block\">\n            <div class=\"hts-hero-body\">\n                <div class=\"hts-hero-details\">\n                    <div>\n                        <h1>Bienvenue chez Le Semeur<\/h1>\n                        <p>D\u00e9couvrez mes r\u00e9flexions personnelles sur notre monde et notre \u00e9poque \u00e0 travers ce modeste blog.<\/p>\n                        <a href=\"https:\/\/le-semeur.com\/index.php\/about\/\" class=\"btn primary\" >Read more<\/a>\n                    <\/div>\n                    <div class=\"hts-hero-body-image\">\n                        <img decoding=\"async\" src=\"https:\/\/images.unsplash.com\/photo-1534239100122-c3703b109359?crop=entropy\" alt=\"background\" \/>\n                    <\/div>\n                    <div class=\"hts-hero-footer\">\n                        <div class=\"hts-social\">\n                                                                                                                                        <\/div>\n                        <p class=\"hts-title\">Semer des id\u00e9es pour cultiver la pens\u00e9e<\/p>\n                    <\/div>\n                <\/div>\n            <\/div>\n        <\/div>\n    <\/div>\n<\/section><section class=\"hts-section hts-no-border hts-posts hts-featured-post-wrapper\">\n    <div>\n                <div class=\"hts-posts-header\">\n            <h2 class=\"hts-title\">Featured post<\/h2>\n        <\/div>\n                <div class=\"hts-featured-post\">\n            <!-- Post -->\n            <div class=\"hts-post\">\n                <div class=\"hts-image-wrapper\">\n                                        <a href=\"https:\/\/le-semeur.com\/index.php\/2023\/09\/01\/se-reinventer-un-voyage-vers-notre-meilleur-avenir\/\" class=\"hts-featured-post-link\">\n                        <img decoding=\"async\" src=\"https:\/\/le-semeur.com\/wp-content\/themes\/hostinger-blog\/build\/images\/placeholder.jpg\"\n                            alt=\"featured\">\n                    <\/a>\n                                                        <\/div>\n                <div class=\"hts-post-details\">\n                    <div class=\"hts-posts-body-header\">\n                        <h2 class=\"hts-title\">Featured post<\/h2>\n                    <\/div>\n                    <div class=\"hts-capsules\">\n                                                                                                                        <a href=\"https:\/\/le-semeur.com\/index.php\/category\/blog\/\">\n                            <div>Blog<\/div>\n                        <\/a>\n                                                                                            <\/div>\n                                        <a href=\"https:\/\/le-semeur.com\/index.php\/2023\/09\/01\/se-reinventer-un-voyage-vers-notre-meilleur-avenir\/\">\n                        <h3 class=\"hts-title\">Se r\u00e9inventer: un voyage vers notre meilleur avenir<\/h3>\n                    <\/a>\n                                                            <p class=\"small\">September 1, 2023 | by le-semeur.com<\/p>\n                                    <\/div>\n            <\/div>\n        <\/div>\n    <\/div>\n<\/section><section class=\"hts-section hts-posts\">\n    <hr class=\"full\">\n    <div>\n        <div class=\"hts-posts-header\">\n            <h2 class=\"hts-title\">Latest posts<\/h2>\n            <a href=\"https:\/\/le-semeur.com\/index.php\/blog\/\" class=\"hts-posts-action\">\n                <p>View all<\/p>\n                <img decoding=\"async\" src=\"https:\/\/le-semeur.com\/wp-content\/themes\/hostinger-blog\/build\/images\/icon-arrow-right.svg\" alt=\"view all\">\n            <\/a>\n        <\/div>\n        <div class=\"hts-posts-list\">\n                        <div class=\"hts-post hts-large\">\n                                <div class=\"hts-image-wrapper\">\n                                        <a href=\"https:\/\/le-semeur.com\/index.php\/2023\/09\/01\/la-beaute-de-la-diversite-une-reflexion-sur-notre-monde\/\" class=\"hts-featured-post-link\">\n                        <img decoding=\"async\" src=\"https:\/\/images.unsplash.com\/photo-1555885489-04f4792cc51a?crop=entropy\" title=\"Photo by Karim MANJRA\" alt=\"a rusted metal door with two knobs on it\">                    <\/a>\n                                        <span class=\"hts-unsplash-data\">Photo by <a href=\"https:\/\/unsplash.com\/@karim_manjra?utm_source=hostinger&#038;utm_medium=referral\" rel=\"nofollow\">Karim MANJRA<\/a> on <a href=\"https:\/\/unsplash.com\/?utm_source=hostinger&#038;utm_medium=referral\" rel=\"nofollow\">Unsplash<\/a><\/span>                <\/div>\n                <div class=\"hts-post-details\">\n                    <div class=\"hts-capsules\">\n                                                                                                                        <a href=\"https:\/\/le-semeur.com\/index.php\/category\/blog\/\">\n                            <div>Blog<\/div>\n                        <\/a>\n                                                                                            <\/div>\n                    <a href=\"https:\/\/le-semeur.com\/index.php\/2023\/09\/01\/la-beaute-de-la-diversite-une-reflexion-sur-notre-monde\/\">\n                        <h3 class=\"hts-title\">La beaut\u00e9 de la diversit\u00e9: Une r\u00e9flexion sur notre monde<\/h3>\n                    <\/a>\n                                        <p class=\"small\">September 1, 2023 | by le-semeur.com<\/p>\n                                    <\/div>\n            <\/div>\n                        <div class=\"hts-post \">\n                                <div class=\"hts-image-wrapper\">\n                                        <a href=\"https:\/\/le-semeur.com\/index.php\/2023\/09\/01\/se-reinventer-pour-un-monde-meilleur\/\" class=\"hts-featured-post-link\">\n                        <img decoding=\"async\" src=\"https:\/\/le-semeur.com\/wp-content\/themes\/hostinger-blog\/build\/images\/placeholder3.jpg\"\n                            alt=\"featured\">\n                    <\/a>\n                                                        <\/div>\n                <div class=\"hts-post-details\">\n                    <div class=\"hts-capsules\">\n                                                                                                                        <a href=\"https:\/\/le-semeur.com\/index.php\/category\/blog\/\">\n                            <div>Blog<\/div>\n                        <\/a>\n                                                                                            <\/div>\n                    <a href=\"https:\/\/le-semeur.com\/index.php\/2023\/09\/01\/se-reinventer-pour-un-monde-meilleur\/\">\n                        <h3 class=\"hts-title\">Se r\u00e9inventer pour un monde meilleur<\/h3>\n                    <\/a>\n                                        <p class=\"small\">September 1, 2023 | by le-semeur.com<\/p>\n                                    <\/div>\n            <\/div>\n                        <div class=\"hts-post \">\n                                <div class=\"hts-image-wrapper\">\n                                        <a href=\"https:\/\/le-semeur.com\/index.php\/2023\/09\/01\/se-reinventer-un-voyage-vers-notre-meilleur-avenir\/\" class=\"hts-featured-post-link\">\n                        <img decoding=\"async\" src=\"https:\/\/le-semeur.com\/wp-content\/themes\/hostinger-blog\/build\/images\/placeholder2.jpg\"\n                            alt=\"featured\">\n                    <\/a>\n                                                        <\/div>\n                <div class=\"hts-post-details\">\n                    <div class=\"hts-capsules\">\n                                                                                                                        <a href=\"https:\/\/le-semeur.com\/index.php\/category\/blog\/\">\n                            <div>Blog<\/div>\n                        <\/a>\n                                                                                            <\/div>\n                    <a href=\"https:\/\/le-semeur.com\/index.php\/2023\/09\/01\/se-reinventer-un-voyage-vers-notre-meilleur-avenir\/\">\n                        <h3 class=\"hts-title\">Se r\u00e9inventer: un voyage vers notre meilleur avenir<\/h3>\n                    <\/a>\n                                        <p class=\"small\">September 1, 2023 | by le-semeur.com<\/p>\n                                    <\/div>\n            <\/div>\n                        <div class=\"hts-post \">\n                                <div class=\"hts-image-wrapper\">\n                                        <a href=\"https:\/\/le-semeur.com\/index.php\/2023\/09\/01\/emerveillement-retrouver-la-magie-dans-notre-monde\/\" class=\"hts-featured-post-link\">\n                        <img decoding=\"async\" src=\"https:\/\/images.unsplash.com\/photo-1684390814422-c949b1339930?crop=entropy\" title=\"Photo by Gaetan THURIN\" alt=\"a body of water surrounded by trees and mountains\">                    <\/a>\n                                        <span class=\"hts-unsplash-data\">Photo by <a href=\"https:\/\/unsplash.com\/@gaetanthurin?utm_source=hostinger&#038;utm_medium=referral\" rel=\"nofollow\">Gaetan THURIN<\/a> on <a href=\"https:\/\/unsplash.com\/?utm_source=hostinger&#038;utm_medium=referral\" rel=\"nofollow\">Unsplash<\/a><\/span>                <\/div>\n                <div class=\"hts-post-details\">\n                    <div class=\"hts-capsules\">\n                                                                                                                        <a href=\"https:\/\/le-semeur.com\/index.php\/category\/blog\/\">\n                            <div>Blog<\/div>\n                        <\/a>\n                                                                                            <\/div>\n                    <a href=\"https:\/\/le-semeur.com\/index.php\/2023\/09\/01\/emerveillement-retrouver-la-magie-dans-notre-monde\/\">\n                        <h3 class=\"hts-title\">\u00c9merveillement : Retrouver la magie dans notre monde<\/h3>\n                    <\/a>\n                                        <p class=\"small\">September 1, 2023 | by le-semeur.com<\/p>\n                                    <\/div>\n            <\/div>\n                        <div class=\"hts-post \">\n                                <div class=\"hts-image-wrapper\">\n                                        <a href=\"https:\/\/le-semeur.com\/index.php\/2023\/09\/01\/la-beaute-de-la-diversite-culturelle-dans-notre-monde-en-evolution\/\" class=\"hts-featured-post-link\">\n                        <img decoding=\"async\" src=\"https:\/\/images.unsplash.com\/photo-1555885489-04f4792cc51a?crop=entropy\" title=\"Photo by Karim MANJRA\" alt=\"a rusted metal door with two knobs on it\">                    <\/a>\n                                        <span class=\"hts-unsplash-data\">Photo by <a href=\"https:\/\/unsplash.com\/@karim_manjra?utm_source=hostinger&#038;utm_medium=referral\" rel=\"nofollow\">Karim MANJRA<\/a> on <a href=\"https:\/\/unsplash.com\/?utm_source=hostinger&#038;utm_medium=referral\" rel=\"nofollow\">Unsplash<\/a><\/span>                <\/div>\n                <div class=\"hts-post-details\">\n                    <div class=\"hts-capsules\">\n                                                                                                                        <a href=\"https:\/\/le-semeur.com\/index.php\/category\/blog\/\">\n                            <div>Blog<\/div>\n                        <\/a>\n                                                                                            <\/div>\n                    <a href=\"https:\/\/le-semeur.com\/index.php\/2023\/09\/01\/la-beaute-de-la-diversite-culturelle-dans-notre-monde-en-evolution\/\">\n                        <h3 class=\"hts-title\">La beaut\u00e9 de la diversit\u00e9 culturelle dans notre monde en \u00e9volution<\/h3>\n                    <\/a>\n                                        <p class=\"small\">September 1, 2023 | by le-semeur.com<\/p>\n                                    <\/div>\n            <\/div>\n                        <div class=\"hts-post hts-large\">\n                                <div class=\"hts-image-wrapper\">\n                                        <a href=\"https:\/\/le-semeur.com\/index.php\/2023\/09\/01\/semerveiller-devant-les-petites-choses-qui-illuminent-notre-monde\/\" class=\"hts-featured-post-link\">\n                        <img decoding=\"async\" src=\"https:\/\/images.unsplash.com\/photo-1682687982093-4773cb0dbc2e?crop=entropy\" title=\"Photo by NEOM\" alt=\"a group of antelope standing in the desert\">                    <\/a>\n                                        <span class=\"hts-unsplash-data\">Photo by <a href=\"https:\/\/unsplash.com\/@neom?utm_source=hostinger&#038;utm_medium=referral\" rel=\"nofollow\">NEOM<\/a> on <a href=\"https:\/\/unsplash.com\/?utm_source=hostinger&#038;utm_medium=referral\" rel=\"nofollow\">Unsplash<\/a><\/span>                <\/div>\n                <div class=\"hts-post-details\">\n                    <div class=\"hts-capsules\">\n                                                                                                                        <a href=\"https:\/\/le-semeur.com\/index.php\/category\/blog\/\">\n                            <div>Blog<\/div>\n                        <\/a>\n                                                                                            <\/div>\n                    <a href=\"https:\/\/le-semeur.com\/index.php\/2023\/09\/01\/semerveiller-devant-les-petites-choses-qui-illuminent-notre-monde\/\">\n                        <h3 class=\"hts-title\">S&#8217;\u00e9merveiller devant les petites choses qui illuminent notre monde<\/h3>\n                    <\/a>\n                                        <p class=\"small\">September 1, 2023 | by le-semeur.com<\/p>\n                                    <\/div>\n            <\/div>\n                    <\/div>\n    <\/div>\n<\/section><section class=\"hts-section hts-newsletter\">\n\t<hr class=\"full\">\n\t<div class=\"wrapper\">\n\t<div>\n\t\t<h3 class=\"hts-title\">Newsletter<\/h3>\n\t\t<p>Subscribe to stay up-to-date with my latest creative projects, insights, and tips.<\/p>\n\t<\/div>\n\t<div class=\"hts-newsletter-block\">\n\t\t<form>\n\t\t\t<input type=\"hidden\" id=\"newsletter_nonce\" name=\"newsletter_nonce\" value=\"042fce81c8\" \/><input type=\"hidden\" name=\"_wp_http_referer\" value=\"\/index.php\/wp-json\/wp\/v2\/pages\/31\" \/>\t\t\t<label for=\"hts-newsletter-email\">Email<\/label>\n\t\t\t<input type=\"email\"\n\t\t\t       id=\"hts-newsletter-email\"\n\t\t\t       name=\"newsletter_email\"\n\t\t\t       placeholder=\"What\u2019s your email?\">\n\t\t\t<div class=\"validate-message\"><\/div>\n\t\t\t<div class=\"hts-privacy-agree\">\n\t\t\t\t<label class=\"hts-form-control\">\n\t\t\t\t<input type=\"checkbox\" id=\"privacy-policy-checkbox\" name=\"privacy_policy\" required>\n\t\t\t\t<\/label>\n\t\t\t\t<span>\n\t\t\t\t\tI consent to use of my email address for the purpose of receiving newsletters as described in <a href=\"\" target=\"_blank\">Privacy Policy<\/a>, which I have read. I may withdraw my consent at any time.\t\t\t\t<\/span>\n\t\t\t<\/div>\n\t\t\t<input type=\"submit\" class=\"btn primary\" value=\"Subscribe\"\/>\n\t\t<\/form>\n\t<\/div>\n\t<\/div>\n<\/section>","protected":false},"excerpt":{"rendered":"","protected":false},"author":1,"featured_media":0,"parent":0,"menu_order":0,"comment_status":"closed","ping_status":"closed","template":"","meta":{"_monsterinsights_skip_tracking":false,"_monsterinsights_sitenote_active":false,"_monsterinsights_sitenote_note":"","_monsterinsights_sitenote_category":0,"footnotes":""},"aioseo_notices":[],"_links":{"self":[{"href":"https:\/\/le-semeur.com\/index.php\/wp-json\/wp\/v2\/pages\/31"}],"collection":[{"href":"https:\/\/le-semeur.com\/index.php\/wp-json\/wp\/v2\/pages"}],"about":[{"href":"https:\/\/le-semeur.com\/index.php\/wp-json\/wp\/v2\/types\/page"}],"author":[{"embeddable":true,"href":"https:\/\/le-semeur.com\/index.php\/wp-json\/wp\/v2\/users\/1"}],"replies":[{"embeddable":true,"href":"https:\/\/le-semeur.com\/index.php\/wp-json\/wp\/v2\/comments?post=31"}],"version-history":[{"count":0,"href":"https:\/\/le-semeur.com\/index.php\/wp-json\/wp\/v2\/pages\/31\/revisions"}],"wp:attachment":[{"href":"https:\/\/le-semeur.com\/index.php\/wp-json\/wp\/v2\/media?parent=31"}],"curies":[{"name":"wp","href":"https:\/\/api.w.org\/{rel}","templated":true}]}}